 2*w - 9. Suppose -7*c + 1395 = -w*c. What is the highest common divisor of t and c?
31
Let m = 50 + 40. Let l be (-8)/(-6)*6/4. Suppose 5*z - m = l*z. Calculate the greatest common divisor of z and 6.
6
Let n = 62 - -2. Calculate the highest common factor of n and 136.
8
Suppose -4*a = 2*a + 84. Let h(r) = r**2 + 12*r - 24. Let s be h(a). Calculate the greatest common factor of s and 36.
4
Suppose -p = -o + 14, 5*o - 10 = -3*p + 28. Let u(c) = 11*c - 42. Let q be u(o). What is the greatest common divisor of 34 and q?
34
Let i be (2*7/(-14))/(-1) + 278. Calculate the greatest common divisor of i and 18.
9
Let j = -38 - -42. Suppose -j*i + 3*q + 61 = 0, 0*q - 3*q - 74 = -5*i. Calculate the highest common divisor of 39 and i.
13
Let n be -1*(-1)/2*56. Suppose -3*y + 3*q = y - 317, 5*q - 216 = -3*y. Let x = y - 35. Calculate the highest common divisor of x and n.
14
Suppose 2*w + 4*z + 5 + 3 = 0, 3*w + 2*z + 4 = 0. Suppose -5*a + 1 + 4 = w. Suppose 2*c - a = 1. What is the highest common divisor of c and 2?
1
Suppose -2*t = 4, 3*s + 5*t + 7 = 57. Suppose 0 = 4*d - 3*i + 1956, -5*i - 716 = 4*d + 1208. Let n = d + 706. Calculate the highest common factor of n and s.
20
Let z = 34 - 77. Let q = 50 + z. Calculate the greatest common factor of q and 28.
7
Let i = 46 - 28. Let t be 1*(6/(-8) + (-795)/(-4)). What is the highest common divisor of t and i?
18
Let n(i) = -11*i**2 - 74*i + 47. Let f be n(-7). Let x(y) = y**3 + 8*y**2 + 2*y - 8. Let j be x(-6). What is the greatest common divisor of j and f?
26
Let w = -38 + 31. Let f(i) = i**3 + 5*i**2 - 14*i + 4. Let z be f(w). What is the greatest common divisor of 36 and z?
4
Let p(v) = -4*v**3 - 26*v**2 + 6*v - 22. Let g be p(-7). What is the greatest common divisor of g and 646?
34
Let v(p) = p**2 + 3*p + 3. Let z(k) = k**2 - 5*k - 3. Let x be z(4). Let b = x + 2. Let c be v(b). Calculate the highest common divisor of c and 117.
13
Let x be 2 - (0 - (0 - 26))*-2. Suppose -2*h + x + 12 = 0. Calculate the greatest common divisor of 22 and h.
11
Let f(h) = h**2 + 17*h + 9. Let z be f(0). Let a be (-2)/(-5) - 215/(-25). What is the highest common factor of z and a?
9
Let m(k) = 3*k - 6. Let x be m(7). Let d = -13 + x. Suppose -3*s = -2*s - d. What is the greatest common divisor of s and 2?
2
Let f(l) = -l - 3. Let q be f(-5). Suppose -q*i + 19 = -1. Let s = -72 + 82. Calculate the highest common divisor of i and s.
10
Let g(t) = t - 3. Let y be g(3). Suppose -o + 3 = -y*o. Suppose o*j - 76 = -p, 3*j + 1 = 4*p + 57. What is the greatest common divisor of 36 and j?
12
Let w be 8 - ((-5)/(-1) + -17). Calculate the greatest common factor of w and 3.
1
Let w = 17 - -38. Suppose 5*m + w = 16*m. What is the highest common factor of 20 and m?
5
Let l = -200 - -219. What is the greatest common factor of 19 and l?
19
Let b be ((-9)/(-4))/(39/1664). What is the greatest common factor of b and 456?
24
Let h = 32 + -11. Suppose 3*r - 63 = -4*i, -h + 9 = 4*r. Suppose -5*t + 223 = 5*g - 247, -3*t + 12 = 0. Calculate the greatest common factor of g and i.
18
Let w(y) = -9*y**2 - 14*y - 29. Let b(o) = 4*o**2 + 7*o + 14. Let g(r) = 7*b(r) + 3*w(r). Let x be g(-2). Calculate the highest common factor of x and 8.
1
Let d(c) = -7*c**3 + 5*c - 5. Let t be d(-3). Calculate the greatest common divisor of 13 and t.
13
Suppose -3*r + 2*v = -10, -3*r + 26 = 2*r - v. Let c(u) = u**3 + 7*u**2 + 5*u + 2. Let n be c(-6). Calculate the highest common factor of n and r.
2
Suppose -202*t = -182*t - 200. Calculate the highest common factor of t and 22.
2
Let a = 419 + -664. Let o be ((-8)/(-10))/((-14)/a). Suppose -2*w + o = -58. What is the greatest common divisor of 54 and w?
18
Suppose -2 = -2*b, 4*b - 196 = l - 5*l. Let c = -9 - -9. Suppose 6 = -c*w + w. Calculate the highest common divisor of l and w.
6
Let t = -437 - -1064. What is the greatest common factor of t and 38?
19
Let q be ((-15)/10)/(2/(-16)). Let i = 19 - q. Let m(a) = -a**3 + 9*a**2 - 7*a - 7. Let n be m(8). Calculate the highest common divisor of i and n.
1
Suppose 0 = -4*c + 24 + 8. Suppose 0 - 6 = -2*s. Suppose -3*v = 3*y - 162, s*y + 25 = -2*v + 189. What is the greatest common factor of y and c?
8
Let l(s) = -s**3 - 9*s**2 + 10. Suppose -4*q - 49 = 3*x + 2*x, x + 5 = 4*q. Let c be l(x). What is the highest common factor of 100 and c?
10
Let z = -71 + 113. Suppose -p = p - z. What is the greatest common divisor of p and 3?
3
Let a(v) = 2*v**2 + 25*v - 11. Let y be a(4). Calculate the highest common divisor of y and 110.
11
Let i = 14 + 109. Suppose 5*r = -18 + i. Calculate the greatest common divisor of 189 and r.
21
Suppose -4*t - 3 - 189 = -2*f, 3*f - 308 = -4*t. Let l be 3 - (2 - f) - -3. What is the greatest common factor of 13 and l?
13
Let c = -134 - -229. Suppose -8*o + 3*o + c = 2*y, 88 = 2*y - 2*o. What is the greatest common divisor of 18 and y?
9
Let r be (-3)/4 - 54/(-8). Let t(l) = 11 + r*l + 8 - 31. Let q be t(8). What is the highest common divisor of 12 and q?
12
Let i(y) = y + 12. Let h be i(-9). Suppose g = -g + 6. Suppose g*s + 184 = h*b + 2*b, -150 = -4*b + s. Calculate the greatest common divisor of b and 57.
19
Suppose -6*s + 9*s - 18 = 0. Let x = 13 + -11. Let o be ((-2)/(-2))/(x/30). What is the greatest common divisor of s and o?
3
Let f = -43 + 32. Let g(b) = b**3 + 12*b**2 + 12*b + 12. Let h be g(f). Calculate the highest common divisor of 7 and h.
1
Suppose -j = -3*n - 528, 2*j + 2*n + 3*n - 1056 = 0. Calculate the greatest common divisor of j and 33.
33
Let c = -13 + 19. Let w = -61 + 79. Calculate the greatest common divisor of w and c.
6
Let f be 4/5 + -6 + (-2265)/(-75). What is the highest common divisor of f and 45?
5
Let m = -5 - -30. Let n be (m/(-4))/(9/(-72)). What is the greatest common divisor of 125 and n?
25
Suppose 5 + 5 = 5*p. Suppose 2*k + 54 = -5*v - 16, -k + p*v - 26 = 0. Let z = 45 + k. What is the highest common factor of 60 and z?
15
Let p be (0 - -2)*(25 + -4). Let b(c) = -c**2 + 3*c + 11. Let h be b(6). Let g(m) = -4*m - 7. Let u be g(h). Calculate the greatest common divisor of u and p.
21
Let u be (1/(-2))/((-2)/4) - -1. Suppose -2*s + 118 = 4*o, u*o + 5*s = 75 + 4. What is the highest common divisor of o and 135?
27
Let o = 32 + -12. Let v = -20 - -55. Let t be 426/21 + (-10)/v. Calculate the greatest common divisor of t and o.
20
Suppose 0*d = 5*d - 4*z - 54, z = d - 10. What is the highest common factor of 574 and d?
14
Suppose 26 = h - 2*v, 0 = 3*h - 2*v - 68 - 6. Let m be (-36)/(-60)*8/(-6)*-90. What is the greatest common divisor of m and h?
24
Let k(q) = 35*q - 31. Let w be k(2). What is the highest common divisor of w and 6?
3
Let r be 2 - (3 + 6/(-3))*-3. Let l(o) = -o**2 - 6*o + 5. Let d be l(-4). Suppose -r = 2*m - d. Calculate the greatest common factor of m and 28.
4
Let c = -114 + 117. Suppose 5*b = 2*i + 5 + 1, c*i = b + 4. What is the highest common factor of b and 18?
2
Suppose -4*v - 128 = -g + 65, -5*v - 225 = 2*g. Let u = 119 + v. Suppose 0 = -4*f - 16 + u. What is the greatest common factor of f and 70?
14
Let h(c) = 2*c**3 - 5*c**2 - 4*c + 5. Let g be h(3). Suppose -2*x = i - 102, g*i + i - 296 = 4*x. What is the greatest common factor of 40 and i?
20
Let z be (-2)/((-8)/28 + 0). Let q(u) = z + u**2 + 4 - 5 + 0 - u. Let w be q(6). What is the highest common divisor of 18 and w?
18
Let q be (-84)/(-16) - -3*(-1)/12. Suppose 2*s - 88 = -4*r, q*s - 3*r + 8*r - 200 = 0. What is the greatest common divisor of s and 24?
12
Let z(y) = 3*y - y**2 + 0*y + 10*y - 17. Let i be z(10). What is the highest common factor of 143 and i?
13
Suppose 130 = 4*x + p, -x - 25*p + 20*p + 42 = 0. Let i be (-6)/(-16)*-2*-4. Let f be i*1*x/12. Calculate the greatest common divisor of 32 and f.
8
Suppose 0 = -d - 5*a + 45, 4*d - 2*d = 4*a + 20. Let p be (64/24)/(4/330). What is the greatest common divisor of p and d?
20
Suppose h + 0 = 4, -709 = -5*x + 4*h. Suppose 3*g - 3*n = 165, g + n = 8 + 53. What is the highest common divisor of g and x?
29
Suppose -4*z - 4 = -12. Suppose -2 = -z*n - 0. Let t(v) = 20*v + 1. Let a be t(n). What is the greatest common factor of 42 and a?
21
Let f = 495 - 230. Calculate the highest common factor of f and 106.
53
Suppose 4*c = -0*c - 5*t + 64, 4*c - 2*t = 36. Calculate the highest 